5. Suppose 4*h - 4 = 0, 3*h + 154 = 4*y - 19. Suppose y = 5*k + f. What is the units digit of k?
6
Suppose 2*u - u - 43 = 5*n, 2*u = -4. Let z be (8 + n)/(1/(-3)). What is the units digit of 9 + z/((-6)/4)?
7
Suppose 0 = 3*b - 7*b + 1272. What is the hundreds digit of b?
3
Suppose -1291 = -5*k + 4*c, 3*c + 3 - 6 = 0. What is the units digit of k?
9
Let f be 33/(-9) - 2/6. What is the tens digit of 46/4*(-2 - f)?
2
Let u = -6 - -11. Suppose 0 = u*r - 49 - 46. What is the units digit of r?
9
Suppose 3*m + 15 = -4*v, 4*m + 18 = -8*v + 3*v. Let q be (v/(-7))/(1/7). Let a = 13 - q. What is the units digit of a?
7
Suppose 0*p + 3*t = 3*p + 12, -5*t + 11 = -2*p. What is the units digit of (-52)/p - 4/(-6)?
8
Suppose 3*n = -15, -g = 2*n - 7*n - 28. Suppose 3*w + g*d - 35 = -w, -2*d = w - 15. Suppose -9 - 44 = -4*b - w*i, b + 4*i = 27. What is the units digit of b?
7
Suppose 2*o + 15 = -3*o. Let h = o - -8. What is the units digit of h?
5
Let d = -40 + 51. What is the tens digit of d?
1
Let r be (-16)/(-7) - (-2)/(-7). Suppose r*p + 9 = 3*p. What is the units digit of p?
9
Let h = -28 + 47. Suppose 16*o + 33 = h*o. What is the units digit of o?
1
Suppose 3*c = 15, -2*y + y + 5*c - 24 = 0. Let v be (-2 + y - -2) + -9. Let t(i) = -i**2 - 7*i + 11. What is the units digit of t(v)?
3
Suppose 2*y - 7*y = -60. Suppose 48 - y = 2*l. What is the units digit of l?
8
Let s(m) = -7*m - 2. Let c = -5 + 3. Let b be s(c). What is the tens digit of (32/(-6))/((-4)/b)?
1
Suppose -2*p - 2 + 20 = 0. What is the units digit of p?
9
What is the units digit of (45/(-30))/(0 + (-3)/836)?
8
Suppose 0 = 4*b - 20 + 4. Let w = 2 - 5. Let r = b - w. What is the units digit of r?
7
Suppose 32 = 2*n - 36. What is the units digit of n?
4
Suppose l + 230 = 6*l. What is the tens digit of l?
4
Let a(h) be the first derivative of -3*h**2/2 + 7*h + 3. Let t be a(-6). Suppose 4*y - t = 23. What is the units digit of y?
2
Let v(d) = d**2 + 3*d. Let x be v(-3). Suppose x*p = 4*p - 8. What is the units digit of p?
2
Suppose 24 = 3*c + 2*o, 4*o = 5*c - 2*c - 42. What is the tens digit of c?
1
Let m(n) = -3 - n + n**2 + 7*n + n. Let a be m(-8). Suppose a*q + 30 = 4*w, w - 13 = -3*q + 3. What is the units digit of w?
0
Let w be 3*(-4)/18*-3. Suppose -w*f + 0*f + 4 = 0. Suppose f*d + 4 = 4*j, 2*j + 5*d - 3*d - 8 = 0. What is the units digit of j?
2
Let y = -66 - -114. Suppose -36 = -4*n + y. What is the tens digit of n?
2
Let a(o) = o**3 - 7*o**2 + 7*o - 3. Let u be a(6). Suppose u - 11 = -r. What is the units digit of r?
8
Let i(o) = 8*o + 52. What is the hundreds digit of i(19)?
2
Suppose -693 = 138*y - 141*y. What is the units digit of y?
1
Suppose -3*m + 8 = -5*m. Let j = 8 + m. Suppose j*v - x = 3*x + 28, -5*v = 3*x + 5. What is the units digit of v?
2
Suppose -4*m - 1 = 2*r + 13, 16 = -4*m. Suppose -r = 4*g + s - 6, 5*g - 5*s - 25 = 0. Suppose -g*l + 3 = -i, -3 = 4*l - 11. What is the units digit of i?
1
Let o(f) = -f + 1. Let t be o(3). Let u = t - -2. Suppose 4*k - 3*r - 35 = 0, -k + u = 5*r - 3. What is the units digit of k?
8
Suppose -d - 14 - 30 = 0. Let x = 66 + d. What is the tens digit of x?
2
Let t = 1 - -7. Let q = t + 7. What is the units digit of q?
5
Let v = -2 - -4. Suppose -v*b + 0*s + 3*s = -30, -10 = 5*s. What is the units digit of b?
2
Suppose -f - 3*v + 2 = 3, 0 = -2*f - 3*v + 1. Let l(x) = 3*x - 2. Let q be l(6). Suppose 0 = -f*o + q. What is the units digit of o?
8
Let t be ((1 - -5)/3)/(-1). Let x be t*1 - -4 - -9. Let m = x + -8. What is the units digit of m?
3
Let i = -13 - -23. Suppose -8 - i = -3*x. What is the units digit of x?
6
Let x = -10 + -9. Let u = x - -20. What is the units digit of u?
1
Let p be (0 + -11)*(-6 + 3). Suppose -p = -2*r + 27. Let s = r - 18. What is the units digit of s?
2
Let o(t) = 4*t + 11. What is the units digit of o(25)?
1
Let t(a) = a**2 + a. Let k be (0 + (-2 - -2))/3. Suppose k*s - 3 = -s. What is the tens digit of t(s)?
1
Let h(m) = -m + 1. Suppose 14 = -c + 2*x, 4*c + 4*x + 10 = 2. What is the units digit of h(c)?
7
Suppose 0 = -u + 2*u - 1. Let h(x) = 21*x**3 - x**2 + x - 1. What is the tens digit of h(u)?
2
Let b(x) = x**3 + 3*x**2 - 5*x - 4. Let u be b(-4). Let l(i) = i**3 - i**2 + i + 22. What is the tens digit of l(u)?
2
What is the tens digit of -24*2*(-10)/8?
6
Let b(c) = -25*c - 5. What is the tens digit of b(-2)?
4
Let q(r) = -r**3 + 9*r**2 + 11*r - 4. Let d be q(10). Suppose k + 3*k - 4 = 0. Suppose -5*g - k = -d. What is the units digit of g?
1
Let u be 2/6 - (-212)/(-6). What is the units digit of (u/20)/(3/(-12))?
7
Let j = -4 - -6. Let v(q) = q**2 - 2*q + 2. Let s be v(j). Suppose -s*p = -f + 7, 2*p - p = 1. What is the units digit of f?
9
Let x(t) = 2*t**3 - 9*t**2 - 10*t + 2. What is the units digit of x(7)?
7
Let m(i) = -i**2 + 24*i - 21. What is the units digit of m(23)?
2
Suppose 14 = 4*t - 42. Suppose 0 = -3*n + t - 5. Suppose -3*k - 3*z = -z + 1, n*z = -3*k - 6. What is the units digit of k?
3
Suppose 4*l - 4*j + 0*j = 8, -5*j = -20. Let o = l + 0. What is the units digit of o?
6
Let p(l) = l**2 - 6*l + 9. Let y be (15/4)/(21/56). What is the units digit of p(y)?
9
Let b be (22/5)/(2/10). Let d = -10 + b. What is the tens digit of d?
1
Suppose g + 45 = 2*g. What is the units digit of g?
5
Let u(k) = -k**3 - 14*k**2 - 6*k + 15. What is the tens digit of u(-15)?
3
Let t be -2 + -4*2/(-4). Suppose 5*r - 4*l - 24 = t, -1 - 4 = 5*l. Suppose s = -3, 3*s + 66 = r*y + 1. What is the units digit of y?
4
Let i(q) = -5*q**3 + 6*q**2 - 9*q - 2. Let r(m) = -4*m**3 + 5*m**2 - 8*m - 2. Let f(g) = 5*i(g) - 6*r(g). What is the units digit of f(-2)?
4
Let t(l) = -21*l**3 + l**2 + 2*l. What is the units digit of t(-1)?
0
Let j(s) = -s**3 + 26*s**2 - 42*s + 8. What is the hundreds digit of j(24)?
1
What is the hundreds digit of (-2429)/42*3/1*-2?
3
Let y(s) = -19*s - 17. Let t be y(-7). Suppose t = 5*z - z. What is the tens digit of z?
2
Suppose 4*f = f. Let n(w) = w**2 + 12. What is the units digit of n(f)?
2
Suppose o - 5*u = 48, 4*u - 146 = -4*o + u. What is the tens digit of (o/(-4)*-4)/2?
1
Suppose -4*t = -3*w, w = -0*t - t. Let m = t - -21. Suppose 2*r = 2*v + 7*r - m, 2*v = 2*r + 14. What is the units digit of v?
8
Let m(s) = 7*s + 5. Let d be m(5). Suppose -2*i - d = 2*i. What is the units digit of 1/5 + (-28)/i?
3
Let p(j) = 21*j**2 + j - 1. Let f be p(1). Suppose 2*u + 4*l = 0, 7*l - 4*l - f = 2*u. Let r(q) = -2*q - 1. What is the units digit of r(u)?
1
Suppose -30 = -5*x - 5*z, 0*x - x - 3*z = -16. What is the units digit of -2 + 8 + 2*x?
8
Let b be 92/20 - 6/(-15). Suppose w - a - 21 = 0, -w = -4*w + b*a + 71. What is the units digit of w?
7
Suppose 3*s = 5*s + 6, -2*s + 12 = x. Suppose -6 + x = 3*w. Suppose p - w = 5. What is the units digit of p?
9
Let w = 8 - 3. Suppose -w*s + k + 0*k + 45 = 0, 0 = 4*s - 5*k - 57. What is the units digit of s?
8
Let t(g) = 2*g**3 - 14*g**2 + 11*g - 13. Let q(x) = -3*x**3 + 21*x**2 - 17*x + 20. Let d(m) = 5*q(m) + 8*t(m). What is the tens digit of d(7)?
1
Suppose g + 8 = 5*g. Suppose -i = g*i - 270. Suppose 0 + i = 5*f. What is the tens digit of f?
1
Let p(o) be the first derivative of 7*o**5/60 + o**4/12 + o**3/6 + o**2 - 2. Let d(y) be the second derivative of p(y). What is the units digit of d(-1)?
6
Suppose 3*n = 3*k - 78, 0*n = k + 5*n - 2. Let y be ((-20)/(-1))/(11/k). Suppose 5*q - 5 = y. What is the units digit of q?
9
Let b(v) = 8*v**2 - 5*v - 19. Let k(l) = 4*l**2 - 2*l - 9. Let f(n) = -6*b(n) + 13*k(n). What is the units digit of f(2)?
1
Let g = 1 + 7. What is the units digit of g?
8
Let q = 14 + -10. Suppose -7*c + 87 = -q*c. What is the tens digit of c?
2
Let f be (-2)/(-6) + 1276/(-12). Let x = -61 - f. What is the tens digit of x?
4
What is the units digit of 1/(-4) + 25/4?
6
What is the tens digit of -2*(-2 + 1) + (65 - 3)?
6
Let i be 6/12*6/1. Let z(g) = i + g**2 - 1 - 1. What is the tens digit of z(-4)?
1
Let v(h) = 4*h**2 - 11*h + 4. What is the units digit of v(4)?
4
Suppose 362 = 4*c - 458. What is the units digit of c?
5
Let v be -2 - 3/3*-5. Suppose k - l + 4 = 0, 3 = v*k + 2*l - 5. Suppose -5*h - 3*y + 18 = k, -4*h + 14 = h - y. What is the units digit of h?
3
Let s(k) be the second derivative of k**5/20 + k**4/6 - k**2 - k. Let w be s(-2). Let n = 2 - 